 prime factors of 20361.
3, 11, 617
List the prime factors of 10541.
83, 127
What are the prime factors of 3998?
2, 1999
What are the prime factors of 58299?
3, 19433
What are the prime factors of 15135?
3, 5, 1009
List the prime factors of 121432.
2, 43, 353
List the prime factors of 1827.
3, 7, 29
List the prime factors of 13144.
2, 31, 53
List the prime factors of 1012.
2, 11, 23
What are the prime factors of 1838?
2, 919
List the prime factors of 147.
3, 7
List the prime factors of 4967.
4967
List the prime factors of 1325.
5, 53
List the prime factors of 3152.
2, 197
What are the prime factors of 74963?
7, 10709
What are the prime factors of 96311?
19, 37, 137
What are the prime factors of 4414?
2, 2207
List the prime factors of 91781.
91781
List the prime factors of 508.
2, 127
What are the prime factors of 45624?
2, 3, 1901
List the prime factors of 2029.
2029
What are the prime factors of 219?
3, 73
What are the prime factors of 1876?
2, 7, 67
List the prime factors of 1428.
2, 3, 7, 17
List the prime factors of 27335.
5, 7, 11, 71
List the prime factors of 49369.
49369
What are the prime factors of 25343?
25343
List the prime factors of 4845.
3, 5, 17, 19
List the prime factors of 17232.
2, 3, 359
What are the prime factors of 25085?
5, 29, 173
What are the prime factors of 8930?
2, 5, 19, 47
List the prime factors of 237.
3, 79
What are the prime factors of 7735?
5, 7, 13, 17
List the prime factors of 23947.
7, 11, 311
List the prime factors of 1045.
5, 11, 19
What are the prime factors of 2568?
2, 3, 107
List the prime factors of 21062.
2, 10531
List the prime factors of 5116.
2, 1279
List the prime factors of 22651.
22651
List the prime factors of 707.
7, 101
What are the prime factors of 12351?
3, 23, 179
What are the prime factors of 448?
2, 7
What are the prime factors of 26555?
5, 47, 113
What are the prime factors of 17344?
2, 271
What are the prime factors of 225?
3, 5
List the prime factors of 804.
2, 3, 67
What are the prime factors of 5530?
2, 5, 7, 79
What are the prime factors of 101?
101
List the prime factors of 7038.
2, 3, 17, 23
List the prime factors of 27473.
83, 331
List the prime factors of 35197.
61, 577
List the prime factors of 7340.
2, 5, 367
List the prime factors of 207.
3, 23
List the prime factors of 4716.
2, 3, 131
What are the prime factors of 10429?
10429
List the prime factors of 140384.
2, 41, 107
List the prime factors of 3675.
3, 5, 7
List the prime factors of 760.
2, 5, 19
What are the prime factors of 105452?
2, 41, 643
List the prime factors of 58560.
2, 3, 5, 61
List the prime factors of 763.
7, 109
What are the prime factors of 4467?
3, 1489
List the prime factors of 1256.
2, 157
List the prime factors of 26699.
26699
List the prime factors of 1730.
2, 5, 173
What are the prime factors of 4975?
5, 199
List the prime factors of 6502.
2, 3251
List the prime factors of 16817.
67, 251
What are the prime factors of 26393?
26393
List the prime factors of 42729.
3, 14243
List the prime factors of 578.
2, 17
List the prime factors of 11125.
5, 89
List the prime factors of 306.
2, 3, 17
What are the prime factors of 540?
2, 3, 5
List the prime factors of 8561.
7, 1223
What are the prime factors of 1595?
5, 11, 29
What are the prime factors of 1309?
7, 11, 17
List the prime factors of 12049.
12049
What are the prime factors of 2196?
2, 3, 61
What are the prime factors of 25238?
2, 12619
What are the prime factors of 546?
2, 3, 7, 13
List the prime factors of 10860.
2, 3, 5, 181
List the prime factors of 733.
733
What are the prime factors of 40160?
2, 5, 251
List the prime factors of 34872.
2, 3, 1453
List the prime factors of 15801.
3, 23, 229
List the prime factors of 344.
2, 43
List the prime factors of 329.
7, 47
List the prime factors of 794.
2, 397
What are the prime factors of 2713?
2713
What are the prime factors of 1478?
2, 739
List the prime factors of 12112.
2, 757
List the prime factors of 8925.
3, 5, 7, 17
What are the prime factors of 15889?
15889
What are the prime factors of 8637?
3, 2879
List the prime factors of 9265.
5, 17, 109
List the prime factors of 2170.
2, 5, 7, 31
List the prime factors of 19979.
19979
List the prime factors of 1335.
3, 5, 89
List the prime factors of 17949.
3, 31, 193
List the prime factors of 32700.
2, 3, 5, 109
What are the prime factors of 1639?
11, 149
What are the prime factors of 1795?
5, 359
What are the prime factors of 1407?
3, 7, 67
List the prime factors of 1773.
3, 197
What are the prime factors of 1012?
2, 11, 23
List the prime factors of 3951.
3, 439
What are the prime factors of 4707?
3, 523
What are the prime factors of 5823?
3, 647
What are the prime factors of 58221?
3, 6469
List the prime factors of 176.
2, 11
List the prime factors of 17929.
17929
List the prime factors of 27.
3
List the prime factors of 3938.
2, 11, 179
What are the prime factors of 95815?
5, 19163
List the prime factors of 81.
3
What are the prime factors of 2017?
2017
What are the prime factors of 13021?
29, 449
What are the prime factors of 27343?
37, 739
What are the prime factors of 12944?
2, 809
List the prime factors of 120.
2, 3, 5
What are the prime factors of 39712?
2, 17, 73
List the prime factors of 330.
2, 3, 5, 11
List the prime factors of 1244.
2, 311
List the prime factors of 33496.
2, 53, 79
List the prime factors of 8151.
3, 11, 13, 19
List the prime factors of 7546.
2, 7, 11
What are the prime factors of 7854?
2, 3, 7, 11, 17
What are the prime factors of 4575?
3, 5, 61
What are the prime factors of 4873?
11, 443
What are the prime factors of 7343?
7, 1049
List the prime factors of 1215.
3, 5
What are the prime factors of 1665?
3, 5, 37
List the prime factors of 64308.
2, 3, 23, 233
What are the prime factors of 1219?
23, 53
List the prime factors of 495.
3, 5, 11
List the prime factors of 64873.
29, 2237
List the prime factors of 249.
3, 83
List the prime factors of 2897.
2897
List the prime factors of 138937.
138937
What are the prime factors of 3884?
2, 971
List the prime factors of 4054.
2, 2027
What are the prime factors of 16467?
3, 11, 499
What are the prime factors of 177?
3, 59
List the prime factors of 697.
17, 41
What are the prime factors of 33919?
107, 317
What are the prime factors of 1230?
2, 3, 5, 41
What are the prime factors of 2006?
2, 17, 59
List the prime factors of 5366.
2, 2683
What are the prime factors of 18188?
2, 4547
What are the prime factors of 5393?
5393
What are the prime factors of 21849?
3, 7283
What are the prime factors of 1052?
2, 263
What are the prime factors of 497?
7, 71
What are the prime factors of 36634?
2, 13, 1409
What are the prime factors of 535?
5, 107
What are the prime factors of 98195?
5, 41, 479
List the prime factors of 4652.
2, 1163
What are the prime factors of 3346?
2, 7, 239
List the prime factors of 1723.
1723
List the prime factors of 478.
2, 239
What are the prime factors of 24822?
2, 3, 7, 197
What are the prime factors of 11469?
3, 3823
List the prime factors of 1411.
17, 83
List the prime factors of 72082.
2, 23, 1567
What are the prime factors of 105429?
3, 113, 311
List the prime factors of 3831.
3, 1277
List the prime factors of 4890.
2, 3, 5, 163
What are the prime factors of 1945?
5, 389
List the prime factors of 13355.
5, 2671
What are the prime factors of 5570?
2, 5, 557
What are the prime factors of 12209?
29, 421
What are the prime factors of 37182?
2, 3, 6197
List the prime factors of 12.
2, 3
List the prime factors of 759.
3, 11, 23
List the prime factors of 26979.
3, 17, 23
What are the prime factors of 4307?
59, 73
What are the prime factors of 30238?
2, 13, 1163
What are the prime factors of 10800?
2, 3, 5
List the prime factors of 8721.
3, 17, 19
List the prime factors of 1226.
2, 613
List the prime factors of 922.
2, 461
List the prime factors of 944.
2, 59
List the prime factors of 1522.
2, 761
What are the prime factors of 33288?
2, 3, 19, 73
What are the prime factors of 3649?
41, 89
List the prime factors of 2317.
7, 331
What are the prime factors of 18983?
41, 463
List the prime factors of 1149.
3, 383
List the prime factors of 6531.
3, 7, 311
List the prime factors of 5007.
3, 1669
List the prime factors of 1569.
3, 523
What are the prime factors of 191?
191
List t